Calculate the remainder when 42264 is divided by 881.
857
Calculate the remainder when 277636 is divided by 16331.
9
Calculate the remainder when 4115 is divided by 1256.
347
Calculate the remainder when 99188 is divided by 174.
8
Calculate the remainder when 1102 is divided by 52.
10
Calculate the remainder when 30621 is divided by 1889.
397
Calculate the remainder when 6991 is divided by 3261.
469
What is the remainder when 1238 is divided by 1222?
16
Calculate the remainder when 1301 is divided by 139.
50
Calculate the remainder when 7815 is divided by 280.
255
Calculate the remainder when 416835 is divided by 6.
3
Calculate the remainder when 2388 is divided by 2376.
12
What is the remainder when 5508 is divided by 7?
6
Calculate the remainder when 216873 is divided by 30978.
27
Calculate the remainder when 114951 is divided by 98.
95
Calculate the remainder when 7457 is divided by 1041.
170
What is the remainder when 616311 is divided by 64?
55
Calculate the remainder when 44827 is divided by 294.
139
Calculate the remainder when 1383 is divided by 27.
6
What is the remainder when 114981 is divided by 165?
141
What is the remainder when 2100 is divided by 497?
112
What is the remainder when 4077 is divided by 606?
441
Calculate the remainder when 113017 is divided by 1009.
9
What is the remainder when 7410 is divided by 713?
280
What is the remainder when 388 is divided by 15?
13
Calculate the remainder when 20188 is divided by 105.
28
Calculate the remainder when 23432 is divided by 162.
104
What is the remainder when 23236 is divided by 337?
320
Calculate the remainder when 3863 is divided by 3820.
43
What is the remainder when 44086 is divided by 4396?
126
What is the remainder when 11636 is divided by 11621?
15
What is the remainder when 39821 is divided by 17?
7
Calculate the remainder when 576577 is divided by 635.
632
Calculate the remainder when 215069 is divided by 517.
514
Calculate the remainder when 45541 is divided by 9106.
11
Calculate the remainder when 14836 is divided by 1347.
19
What is the remainder when 84171 is divided by 91?
87
What is the remainder when 196 is divided by 151?
45
What is the remainder when 2169 is divided by 187?
112
What is the remainder when 2515035 is divided by 176?
171
Calculate the remainder when 120478 is divided by 305.
3
Calculate the remainder when 212263 is divided by 1561.
1528
Calculate the remainder when 1135396 is divided by 283849.
0
Calculate the remainder when 4642 is divided by 2319.
4
What is the remainder when 19639 is divided by 478?
41
What is the remainder when 341877 is divided by 673?
666
Calculate the remainder when 8217 is divided by 47.
39
What is the remainder when 1241 is divided by 43?
37
Calculate the remainder when 42027 is divided by 591.
66
What is the remainder when 76500 is divided by 58?
56
What is the remainder when 1673 is divided by 429?
386
What is the remainder when 1907 is divided by 197?
134
What is the remainder when 31743 is divided by 62?
61
What is the remainder when 14202 is divided by 572?
474
What is the remainder when 2766 is divided by 19?
11
What is the remainder when 1074 is divided by 506?
62
What is the remainder when 7539 is divided by 154?
147
Calculate the remainder when 10171 is divided by 328.
3
Calculate the remainder when 21848 is divided by 273.
8
Calculate the remainder when 7137 is divided by 51.
48
Calculate the remainder when 11644 is divided by 11334.
310
Calculate the remainder when 391063 is divided by 130334.
61
Calculate the remainder when 79039 is divided by 608.
607
Calculate the remainder when 46089 is divided by 427.
400
What is the remainder when 1291 is divided by 54?
49
What is the remainder when 1106 is divided by 206?
76
Calculate the remainder when 513558 is divided by 26.
6
What is the remainder when 112709 is divided by 404?
397
Calculate the remainder when 14369 is divided by 11.
3
What is the remainder when 96898 is divided by 97?
92
What is the remainder when 396998 is divided by 49?
0
Calculate the remainder when 13163 is divided by 3288.
11
Calculate the remainder when 56955 is divided by 116.
115
What is the remainder when 566 is divided by 200?
166
What is the remainder when 15722 is divided by 7836?
50
What is the remainder when 328488 is divided by 29859?
39
Calculate the remainder when 1086 is divided by 37.
13
What is the remainder when 134145 is divided by 211?
160
Calculate the remainder when 4256 is divided by 1120.
896
What is the remainder when 20473 is divided by 45?
43
What is the remainder when 30083 is divided by 8?
3
Calculate the remainder when 7213 is divided by 135.
58
Calculate the remainder when 56311 is divided by 199.
193
What is the remainder when 2626 is divided by 651?
22
What is the remainder when 19352 is divided by 9669?
14
Calculate the remainder when 537 is divided by 70.
47
Calculate the remainder when 6151 is divided by 106.
3
Calculate the remainder when 123260 is divided by 491.
19
What is the remainder when 3012 is divided by 173?
71
What is the remainder when 62502 is divided by 27?
24
Calculate the remainder when 28203 is divided by 973.
959
What is the remainder when 1778 is divided by 137?
134
Calculate the remainder when 1331247 is divided by 38.
31
Calculate the remainder when 871 is divided by 258.
97
Calculate the remainder when 90787 is divided by 3241.
39
Calculate the remainder when 351623 is divided by 588.
587
Calculate the remainder when 3701 is divided by 17.
12
Calculate the remainder when 53387 is divided by 1972.
143
Calculate the remainder when 1631 is divided by 401.
27
Calculate the remainder when 53053 is divided by 135.
133
What is the remainder when 31003 is divided by 59?
28
Calculate the remainder when 4815 is divided by 581.
167
What is the remainder when 3006658 is divided by 26?
18
Calculate the remainder when 156530 is divided by 1720.
10
What is the remainder when 16656 is divided by 340?
336
What is the remainder when 23572 is divided by 23487?
85
Calculate the remainder when 7094 is divided by 2342.
68
What is the remainder when 3884 is divided by 3877?
7
Calculate the remainder when 3538 is divided by 122.
0
Calculate the remainder when 341 is divided by 338.
3
What is the remainder when 33550 is divided by 17?
9
Calculate the remainder when 411 is divided by 211.
200
Calculate the remainder when 2001 is divided by 1787.
214
Calculate the remainder when 16956 is divided by 173.
2
What is the remainder when 26630 is divided by 219?
131
What is the remainder when 3838 is divided by 1306?
1226
What is the remainder when 67502 is divided by 16848?
110
What is the remainder when 3502761 is divided by 145?
141
What is the remainder when 166509 is divided by 17?
11
What is the remainder when 232077 is divided by 40?
37
What is the remainder when 106726 is divided by 4269?
1
Calculate the remainder when 3565 is divided by 355.
15
What is the remainder when 31660 is divided by 519?
1
What is the remainder when 13859 is divided by 13848?
11
Calculate the remainder when 9952 is divided by 4964.
24
Calculate the remainder when 58741 is divided by 675.
16
What is the remainder when 2496 is divided by 312?
0
Calculate the remainder when 9175 is divided by 1833.
10
What is the remainder when 72712 is divided by 371?
367
Calculate the remainder when 32340 is divided by 6465.
15
What is the remainder when 4359 is divided by 363?
3
Calculate the remainder when 402369 is divided by 35.
9
What is the remainder when 1526093 is divided by 232?
229
What is the remainder when 12021 is divided by 1884?
717
Calculate the remainder when 7439111 is divided by 79.
76
What is the remainder when 9368 is divided by 4676?
16
What is the remainder when 6346 is divided by 37?
19
What is the remainder when 198763 is divided by 15?
13
What is the remainder when 675986 is divided by 522?
518
Calculate the remainder when 5247 is divided by 48.
15
Calculate the remainder when 1956 is divided by 116.
100
Calculate the remainder when 8511 is divided by 501.
495
Calculate the remainder when 12543 is divided by 695.
33
What is the remainder when 1103 is divided by 200?
103
Calculate the remainder when 31809 is divided by 66.
63
Calculate the remainder when 23361 is divided by 14